18)/(-6) + g + (4 - -64). What is the highest common factor of r and 20?
10
Let v be 19310/6 - (-43 - (-2286)/54). What is the highest common factor of 696 and v?
87
Let l = 575 - 323. Suppose 7*m = 11*m - l. What is the greatest common divisor of m and 28?
7
Suppose -13*j + 56414 = -44180. Calculate the highest common factor of j and 146.
146
Suppose 0 = -2*v + 5*g + 25, 4*v - 5 + 0 = g. Suppose v = -2*h - h, x = 2*h + 11. Suppose x*t - 181 - 314 = 0. Calculate the highest common divisor of 30 and t.
15
Let d(m) = m**3 - 4*m**2 - 13*m + 9727. Let n be d(0). Calculate the greatest common factor of n and 71.
71
Let j = 215 + -308. Suppose 4*p - 592 = 36. Let a = p + j. Calculate the highest common factor of a and 8.
8
Let o(f) = -f**3 - 23*f**2 + 53*f + 8. Let i be o(-25). Let j be 4 + 13/(52/(-24)). Let g be 1/j*(i - -1). Calculate the greatest common divisor of 33 and g.
33
Let x(n) = -45*n**3 + n**2 + 10*n + 13. Let d be x(-2). What is the greatest common factor of 294 and d?
21
Let r(g) = g**2 + 13*g + 44. Suppose -2*b = -5*n - 8, -b + 0*n + 4*n + 10 = 0. Let a be r(b). What is the highest common factor of a and 18?
2
Suppose 7564 = 4*f - 2*l - l, -2*f = 2*l - 3782. Calculate the highest common factor of 31 and f.
31
Let p = -8733 - -9121. Calculate the highest common factor of p and 2.
2
Let j = -205 + 224. Let f(c) = 25*c - 83. Let p be f(j). Calculate the greatest common divisor of 8 and p.
8
Suppose -2*d = -a + 42, 0 = -5*a - 5*d + 20 + 130. What is the greatest common factor of a and 2261?
17
Suppose -290 = 4167*y - 4170*y + 190. Calculate the greatest common divisor of y and 120.
40
Let k(d) = -d**3 - 58*d**2 + 3*d + 177. Let y be k(-58). What is the greatest common factor of 1587 and y?
3
Let l = 5205 - 2924. Suppose l - 106 = 3*v. Calculate the greatest common factor of 29 and v.
29
Suppose -140 = -4*o + 4*g, 50 + 92 = 4*o - 2*g. Let n be ((-27)/4)/((-5)/((-240)/(-9))). What is the greatest common divisor of n and o?
36
Let o(b) = -12*b**3 - 5*b**2 - 125*b - 631. Let x be o(-5). What is the greatest common factor of 259 and x?
37
Let b be (47 - 3220/69) + 1847/3. What is the greatest common factor of 462 and b?
154
Let y = -10433 - -10442. Let r = -13 + 21. Let m = r - -1. Calculate the highest common divisor of y and m.
9
Suppose -50*g + 105*g - 2420 = 0. Let m(f) = -185*f + 8. Let x be m(-4). What is the greatest common factor of g and x?
44
Let r(d) = d**3 + 8*d**2 + 5*d + 34. Let f be r(8). Suppose 2*t + 4*s + 5 = 41, -s = 4*t - 72. Calculate the greatest common factor of f and t.
18
Let r(v) = 15*v**2 + 62*v - 177. Let b be r(3). Calculate the greatest common factor of 4464 and b.
144
Let j be 23816/(-3)*(26 + (-1712)/64). Calculate the greatest common divisor of 39 and j.
13
Let n be (225/(-18) + 13)*12. What is the greatest common factor of n and 69?
3
Let c(s) = -4*s - 14. Let g be -6 - (2 + -1)*2. Let k be c(g). Suppose -122 - k = -m. What is the highest common factor of 20 and m?
20
Suppose -5*f + 23*f = 108. Let u be -7 + 743/f + (-1)/(-6). What is the greatest common factor of u and 9?
9
Suppose -n + 15 = -4*x, -x + 0*x + 9 = 4*n. Suppose n*t - 349 = -2*t - 2*r, 0 = -4*t - 4*r + 284. Calculate the highest common factor of t and 6.
3
Let k = 851 - -13. Let u be k/15 - ((-63)/35)/(-3). Calculate the greatest common factor of u and 9.
3
Suppose -3*t - 3*w = -57, 5*t - t = -2*w + 78. Suppose 0 = -t*y + 26*y - 108. Calculate the highest common divisor of 18 and y.
18
Let c be (-1892)/(-242) - 8 - 8142/(-11). What is the highest common divisor of 440 and c?
20
Let s be (-1)/((-13)/(-4) - 3). Let r be (96/(-56))/(s/42). Suppose 5*k = 5*c + 35, 0 = -4*k - 0*c + 3*c + 27. Calculate the highest common factor of r and k.
6
Suppose 6*a - 532 = 16*a - 17*a. Calculate the highest common factor of a and 63916.
76
Suppose 523*i - 56 = 259*i + 262*i. Calculate the greatest common factor of i and 2471.
7
Let z = 14286 + -14148. Calculate the greatest common divisor of 1472 and z.
46
Let x be (135/4)/((-21)/(-84)). What is the highest common divisor of x and 180?
45
Suppose -2*x + 1 + 37 = 5*d, 5*x = 2*d + 37. Suppose 7*i = x*i - 6. Suppose -9 = b - 2*r, 3*r = b + 11 + i. Calculate the highest common divisor of b and 4.
1
Let y be (-2562)/(-105) - (-5 - (378/(-10))/7). Calculate the greatest common divisor of 156 and y.
12
Let w be -4 + 7 + -8 + 129. Suppose -4*p + 2*m + w = -246, -p - m = -85. Calculate the greatest common divisor of 225 and p.
45
Let s(x) = 29*x**2 - 28*x**2 + x - 26*x + 3*x + 77. Let c be s(22). Let i(u) = 2*u**2 + 3*u - 3. Let o be i(2). What is the highest common factor of c and o?
11
Suppose 8*z - 3*z - 465 = 0. Let w = -64 + z. Let n = 37 - w. Calculate the greatest common factor of 32 and n.
8
Let r(l) = 6*l**3 - 43*l**2 + 3*l - 11. Let p be r(18). Calculate the greatest common divisor of 47 and p.
47
Let v(a) = -62*a + 10156. Let h be v(43). What is the greatest common factor of 140 and h?
70
Suppose 156*t = 21404 + 107296. What is the highest common divisor of t and 121?
11
Let p be 14 - (12 - 1) - (-44 - (4 - -1)). Calculate the greatest common divisor of p and 1136.
4
Let w(s) = -s + 64. Let g be w(11). Suppose 0 = -4*x + g + 171. Calculate the highest common factor of x and 40.
8
Suppose -3*l = -5*m - 20 - 7, -5*l - 3*m + 113 = 0. Calculate the highest common divisor of 2299 and l.
19
Let n(r) = 3*r**3 - 133*r**2 + 52*r - 7. Let y be n(44). What is the highest common divisor of y and 6440?
115
Let v = -2417 - -4348. Suppose 1429 = -12*z - v. Let x be (132/165)/((-2)/z). Calculate the highest common factor of x and 7.
7
Let n(z) = -z**3 - 3*z**2 - 3*z - 3. Let a be n(-4). Suppose 6*c + 181*u - 430 = 186*u, 2*c + 2*u - 158 = 0. Calculate the highest common factor of a and c.
25
Let m be ((-2)/(-6))/(7/399). Suppose f - 180 = 19. Suppose 5*t = 2*b - 319, 2*b - 506 + f = t. What is the highest common divisor of m and b?
19
Suppose 0 = 2*k + k - 66. Let m = 281 + -304. Let z = 65 - m. What is the highest common divisor of k and z?
22
Suppose 56*q - 37551 = 285626 - 47993. Calculate the highest common factor of q and 637.
91
Let b(i) = 2*i**2 - 50*i + 404. Let p be b(18). What is the highest common factor of 1748 and p?
76
Let a = 22222 - 20224. What is the greatest common divisor of 108 and a?
54
Let h = 95 - 95. Suppose 7*s - 53 + 4 = h. Suppose 27 - s = 4*q. What is the greatest common divisor of q and 5?
5
Let l be 3/(-9) + 464/6. Suppose 3*o + 4*f = 212, -2*f - 11 = -o + 43. Suppose -9*v - 1 + o = 0. What is the highest common factor of v and l?
7
Let w = 184 - 114. Let h be 3 + (-5 - (2 + -9)). Suppose 0 = h*c - 42 - 98. Calculate the greatest common factor of c and w.
14
Suppose 0 = 3*n - 77*t + 74*t - 75, 0 = 5*n + 2*t - 90. What is the greatest common factor of 17540 and n?
20
Suppose -6 = 10*d - 106. Let s be d/45 + (-48)/(-27). Suppose s*b - 4*t - 88 = -3*b, -2 = t. Calculate the highest common factor of b and 4.
4
Let n = -3302 + 3392. What is the greatest common factor of 234 and n?
18
Suppose 0 = 14*t - 2*t + 1368. Let a = 110 + t. Let z be (-3)/(-1) - (a - 93). What is the highest common factor of 25 and z?
25
Let k be -10*(1 + 145/25). Let z = 95 + k. Calculate the highest common divisor of z and 243.
27
Let y be (3/(-6))/(8/(-80)). What is the highest common factor of 1280 and y?
5
Let p = 198 - 193. Suppose -p*q + 98 + 19 = 2*v, -4*v = -5*q + 111. What is the highest common divisor of q and 253?
23
Let r be (-92)/22 + 0 - (-52)/286. Let d be (r/(-5))/(6 - (-87)/(-15)). Calculate the greatest common divisor of d and 5.
1
Let m = -22 + 23. Suppose -m = j - 11. Let d(q) = -q**2 + 12*q - 12. Let w be d(9). Calculate the highest common divisor of w and j.
5
Let z be 4/(-10) + (-1768)/130. Let m(l) = -20*l - 88. Let p be m(z). What is the greatest common factor of p and 128?
64
Suppose 0 = -3*j + 5*j - 12. Suppose -k - k - 6 = -2*x, 5*x - j = -4*k. Let v be k*1 - 28/(-7). What is the greatest common factor of v and 6?
3
Suppose -12*i - 54 = -414. Calculate the greatest common divisor of 4725 and i.
15
Suppose 177 = -12*g + 1365. Let i be (-7 - (-2)/2)/((-3)/g). Calculate the greatest common factor of 18 and i.
18
Let p(v) = v**2 - 7*v + 4. Let x(d) = 21*d - 42. Let z be x(2). Let b be p(z). What is 